
6
Let i = 1227 - 637. Suppose -i - 660 = -5*h. What is the units digit of h?
0
Let p(y) = y**3 - 4*y**2 + 4*y - 3. Let c be p(3). Suppose -12*v + 7*v + 165 = c. Let k = v - -38. What is the units digit of k?
1
Suppose 4*t + 4*c + 148 = 0, 6*t + 3*c = 2*t - 151. What is the units digit of ((-3507)/(-35))/((-12)/t)?
4
Suppose -5*r - 5*m + 5376 = -2*r, 0 = -3*r - 2*m + 5385. What is the hundreds digit of r?
7
Suppose 3*p - 8 = -5*x, 4*x - 9 + 4 = -p. What is the tens digit of (x - 2)*-6 - -4?
1
Let b(m) = 3*m**2 - 15*m + 12. What is the units digit of b(13)?
4
Suppose -m + 176 = -371. What is the units digit of m?
7
Let r be -2 + (0 - -26)/1. What is the units digit of (11*(-6)/r)/((-2)/88)?
1
Let s = 592 + -319. Suppose 4*y - 3 = s. What is the tens digit of y?
6
Suppose -10 = -3*z - 19. Let t be -2 - z - (2 + -1). Let v(i) = i**3 + i**2 - i + 18. What is the units digit of v(t)?
8
Suppose -3*i = 15 - 822. What is the hundreds digit of i?
2
Let m = 61 - 61. Suppose m = -y - y + 38. What is the tens digit of y?
1
Let h be -1 + -2*(-1 - 1). Let c be (-18)/h*8 - -1. What is the units digit of c/(-7) - 8/(-28)?
7
Let u be 5*(0 + 3/3). Let w = -3 + u. What is the units digit of w?
2
Suppose 0 = 4*f + 3*t - 2438, -11*t + 8*t = -6. What is the tens digit of f?
0
Suppose 3*w + 14 = 2. What is the tens digit of (-15)/(-30) + (-130)/w?
3
Suppose -u = k + 4*u - 9, -4 = u. Suppose -4*o + r + 241 = -k, -o + 65 = r. What is the tens digit of o?
6
Let b = 1168 - 98. What is the tens digit of b?
7
Let y(k) = -k**2 + 18*k + 42. Let l be y(20). Suppose 7*x - l*x - 475 = 0. What is the tens digit of x?
9
Let f(w) = w**2 + 20*w + 38. Let p be f(-18). Suppose -3*c - 197 = -a - 0*c, -394 = -2*a - p*c. What is the hundreds digit of a?
1
Let a = 1370 - -2491. What is the tens digit of a?
6
Let g = -462 + 274. What is the hundreds digit of 24/2*(-1 - g/16)?
1
Let a = -121 + 193. Suppose n = a + 1. What is the units digit of n?
3
Let v(m) = 1 + m - 34*m**3 + m + 2*m**2 + 0*m**2 - 6*m**3. What is the tens digit of v(-1)?
4
Suppose -17391 = -19*x - 12*x. What is the hundreds digit of x?
5
Let o be -2 + -6*(-3)/2. Let x(a) = a**3 + a**2 - a. Let h be x(2). Let c = h - o. What is the units digit of c?
3
Let u(o) = -3*o**3 + o**2 - 3*o - 5. Let x be u(-2). Let z = x + 12. What is the tens digit of z?
4
Suppose 4*z - 2*o = 20, 2*z + 5*o - 6 = 4*o. What is the units digit of (z + -1)*(-7 - (-7 - 29))?
7
Suppose -2*h = -4*m - 0*h + 48, -17 = -m - 2*h. Let q(s) = -s**2 + 17*s + 13. What is the tens digit of q(m)?
6
Suppose 0*p = p + 3. Let w be (6 + 0)*(-2)/p. Suppose w*g + 16 - 84 = 0. What is the tens digit of g?
1
Let l(w) = -w + 1. Let h(y) = -y**2 + 5*y - 6. Let k(d) = -h(d) - 6*l(d). What is the units digit of k(-5)?
0
Let w(t) = 15*t**3 + 4*t**2 + 47*t - 324. What is the units digit of w(6)?
2
Let n be (-9)/(-3) + -13 - -4. Let l(r) = 3*r + 20. Let b be l(n). Suppose 1 = c, -2*o + 76 - 8 = b*c. What is the tens digit of o?
3
Suppose 12 = -3*r, 0 = o + o + r + 4. Suppose o = 13*k - 10 - 16. What is the units digit of k?
2
What is the hundreds digit of (-6 + (1441 - 1))*1?
4
Let c be (-8)/3 - (-2)/(-6). Let h = 23 + c. Let f = -10 + h. What is the tens digit of f?
1
Let b = -66 - -643. What is the units digit of b?
7
Let s = -247 + 162. Let j = 219 + s. What is the tens digit of j?
3
Suppose 5*s + 146 = 7*s. Let d = s + 43. What is the units digit of (d/12 + 1)*3?
2
Suppose z - 17 = -11. Suppose -u - u + z = 0. What is the tens digit of u/((-6)/(-4)) - -67?
6
Let s(r) = -r + 43. Let o be s(40). Suppose 5*h - 75 = 80. Suppose 4*g + 3*i = h + 49, -2*g = -o*i - 22. What is the units digit of g?
7
What is the tens digit of 1/3*37*(-24)/(-8)?
3
Suppose y - 26 = -5*a, 91 - 21 = 4*y + 3*a. Suppose y*l = 3*l + 3263. What is the hundreds digit of l?
2
Let v(d) = -d**2 + 9*d + 25. Let l be v(11). Suppose -3*g + 934 = 5*q, q - 31 = l*g + 145. What is the units digit of q?
5
Let o = 219 - -361. What is the units digit of o?
0
Suppose -6*l + 3 = -5*l. Suppose l*o + 10 = k + 2*o, -2*k = -o - 15. What is the units digit of k?
5
Let p(a) = 77*a - 4. Let b be p(4). Let n = 426 - b. Suppose -2*j - 2*v + n = j, 5*j + 4*v - 200 = 0. What is the units digit of j?
4
Let x = -36 - -106. Suppose 0 = -0*k + k - x. Let i = -47 + k. What is the units digit of i?
3
Suppose 3*v - 240 = 9*v. What is the units digit of (18/(-8))/(3/v)?
0
Suppose 3*q - 19 = 2*q. Let c be 37 - 0*(-4)/12. Let i = c - q. What is the tens digit of i?
1
Let r be -1 - (1 - (4 + -2)). Let g(t) = 10*t + t**3 + 0*t**2 - 11*t + t**2 + 37. What is the units digit of g(r)?
7
Let i(f) = -7*f - 39. Let k be i(-6). Suppose 5*a = a - 20, -3*a = k*t - 306. What is the units digit of t?
7
Suppose 285 = 4*x - 4*l - 227, 9 = -3*l. Suppose p - 2*p + 3*t = -x, 349 = 3*p + 4*t. What is the hundreds digit of p?
1
Suppose -m = -4*x - 6 - 8, 0 = 2*x + 8. Let k = 9 - 11. What is the tens digit of (30 - (4 + m)) + k?
2
What is the tens digit of (-25)/(-2)*(-1736)/(-140)?
5
Suppose 2 = 3*n - 4. Let v be (-23)/(-5) + (-57)/95. Suppose 2*t - v = -2*a, 0*t + 4 = n*a - t. What is the units digit of a?
2
Let s(o) = -11*o + 18. Let w = 17 - 10. Let g be s(w). Let k = -25 - g. What is the units digit of k?
4
Let a(c) = 21*c**2 + 39*c - 29. What is the thousands digit of a(-10)?
1
Suppose 5*t + 243 = 933. Suppose -c - c - 130 = 0. Let v = t + c. What is the tens digit of v?
7
Let l(w) = -13*w + 3 + 3 - 3 + 0. What is the units digit of l(-2)?
9
Suppose 2*f - 5*k = 3*f - 472, 2*k = -2*f + 912. What is the tens digit of f?
5
Suppose -320 = -o - 2*t, 4*o - 3*t + 7*t - 1276 = 0. Let m = o - 24. What is the tens digit of m?
9
Suppose 17 - 2 = 3*z. Suppose 3*w - z*w + 144 = 0. What is the tens digit of w?
7
Suppose 0 = -72*i + 29715 + 18885. What is the hundreds digit of i?
6
Suppose 4*a - 2*a - 3480 = -2*q, -3*a + 5216 = 4*q. What is the units digit of a?
4
Suppose 5*h = -0*h - 3*q + 561, -5*q = h - 121. What is the hundreds digit of h?
1
Let h(i) = 7*i**2 + 5*i**2 - 5*i**2 + 17 + i**3 + 2*i**2 - 5*i. What is the units digit of h(-9)?
2
Suppose 5*a = 3*p + 21, 0*a - a - 1 = 2*p. Suppose -3*o = -5*z - 42, 7*o + 3*z - 56 = a*o. What is the tens digit of o?
1
What is the units digit of 177/(-472) - 21238/(-16)?
7
Let v be (-129)/(-15) + (-4)/(-10). Suppose 3*t - v = -0. Suppose -u + 5*u + 5*z = 29, t*z = -3*u + 24. What is the units digit of u?
1
Let h(s) = s**3 + 11*s**2 - 25*s + 20. Let k be h(-13). Let q(p) = -p + 4. Let n(y) = 1. Let j(r) = 6*n(r) - 2*q(r). What is the units digit of j(k)?
2
Let c be (-2)/(-1 + 9/3 + 0). What is the units digit of 21/7 - (c + -77)?
1
Suppose 0 = 20*x - 15*x + 20, -3*x + 3928 = 4*r. What is the hundreds digit of r?
9
Let m = 1702 + -401. What is the hundreds digit of m?
3
Let r(a) = a**2 - 28*a - 244. What is the tens digit of r(52)?
0
Let s(w) be the third derivative of w**6/30 - w**5/60 + w**4/8 + w**3/2 + 9*w**2. Let l(h) be the first derivative of s(h). What is the units digit of l(2)?
7
What is the tens digit of 13/39 + (-278)/(-3) - 4?
8
Suppose p = -3, -c - 18 = -4*c - 4*p. What is the tens digit of c?
1
Let f = 4894 + -2753. What is the thousands digit of f?
2
Let c be 4/14 - (-3879)/21. Suppose 5*g + 13 + 30 = z, 0 = 5*z + 5*g - c. Let n = 72 - z. What is the tens digit of n?
3
Let n = 2234 - 1364. Suppose n = 9*d - 21. What is the units digit of d?
9
Suppose -6*p + 3*p - 33 = 0. Let o = p + 15. What is the units digit of ((-2)/4)/(o/(-64))?
8
What is the tens digit of 126*((-65)/15 + 5)?
8
Let y(o) = -2*o**3 + 118*o**2 + 94*o + 25. What is the tens digit of y(59)?
7
Let q be (-51)/85 + 184/(-10). Let x(c) = c**3 + 20*c**2 + 10*c + 2. What is the units digit of x(q)?
3
Let q be 11/(-33) - 20/(-6). Suppose 260 = n + q*n. What is the units digit of n?
5
Suppose -4*n + 7*n = -168. Let y = 6 - n. What is the tens digit of y?
6
Suppose 3*k + 1808 = 6*k + l, 2*k + 2*l = 1204. What is the hundreds digit of k?
6
Let u = 34 - 80. Let t = u - -26. What is the units digit of (65/(-26))/(2/t)?
5
Suppose 14 = 4*v - 2. Let x(l) = -4*l + 3*l - 5*l + 4*l + 3*l + 13. What is the units digit of x(v)?
7
Suppose k = 5*t - 34, -6*t + 44 = -2*t - 5*k. Suppose q - 7*y + t*y = 125, y - 117 = -q. What is the tens digit of q?
2
Let d(q) = -1